ose 0 = 4*l + 4*k - 168, -r*k = -3*l + 168 - 18. Is l a prime number?
False
Let u(d) = 21*d**2 + 63*d - 217. Is u(50) a composite number?
True
Let i be (-17)/(((-18)/(-8))/(-9)). Suppose 150 = 4*a + r, 0*a - 2*a = -3*r - i. Suppose -4*o - o - a = -h, 0 = -5*o + 10. Is h composite?
False
Suppose 0 = 45*d - 93972 - 104973. Is d composite?
False
Let k(l) = l**3 - 22*l**2 - 57*l - 69. Is k(25) a composite number?
True
Let b(w) = w**2 + 10*w - 10. Let d be b(-11). Suppose 4*s + d + 3 = 4*a, -4*a = 2*s - 22. Suppose -a*k + 22 = -3*k. Is k prime?
False
Let p(i) = 133*i**2 - 3*i + 91. Is p(-19) prime?
False
Let k = -25 + -116. Let v = k + 434. Is v prime?
True
Suppose -4*k - 3*f = -k + 1596, 0 = -4*k + 2*f - 2140. Let c = k + 243. Is 2/12*-2*c composite?
False
Let z(f) = 6*f + 9. Let r be z(8). Let a(o) = 3 + 2*o + 113 - r + o**2 + 144. Is a(0) a composite number?
True
Let l(d) = -10*d**3 - 20*d**2 - 2*d + 249. Is l(-14) prime?
False
Let m = -1946 + 6952. Is m a composite number?
True
Let z = 42 - 38. Suppose z*p = 3*s + 6038, p - 485 - 1032 = -3*s. Is p composite?
False
Let q(t) = t**2 + t + 63. Let m be q(0). Let p be (-3830)/(-14) + 3/7. Let x = p - m. Is x a composite number?
False
Let d = -299 + 604. Is d a composite number?
True
Let u be (657/9)/(1/(-1)). Let z = -15 - u. Is z composite?
True
Let c(x) = -6*x**2 + 2*x + 1. Let f be c(-1). Let p = f + 9. Suppose -4*k + 143 = -4*j + 51, -k + p*j + 24 = 0. Is k a prime number?
False
Suppose 152*v = 143*v + 96651. Is v a composite number?
False
Let b(x) = -100*x - 7. Let d(c) = -c + 13. Let n be d(10). Suppose n*f - 5*a = -19, -5*f + 3*a - 22 + 1 = 0. Is b(f) a composite number?
False
Let b(i) = -11*i - 1 + 10*i + 2. Let g be b(-2). Suppose -g*m = -198 - 285. Is m a composite number?
True
Suppose 5*l = p - 4*p + 147, -3*l + 5*p = -61. Let j = l + -22. Suppose 0*i - 415 = -j*i. Is i a prime number?
True
Let u be (-178)/(-15) + 6/45. Let y(m) = -m**2 + 7*m - 8. Let v be y(6). Is u/4 + (v - -160) composite?
True
Is 114/(-399) - 23202/(-14) prime?
True
Let l(s) be the third derivative of -s**6/8 - s**5/10 - s**4/24 + 3*s**3/2 + 19*s**2. Is l(-4) prime?
True
Let f be -1 - -1 - ((-7578)/3)/1. Let q = -833 + f. Is q a composite number?
False
Let b(d) = 187*d - 22. Let y(u) = 186*u - 23. Let v(t) = -3*b(t) + 4*y(t). Is v(5) a composite number?
True
Let i(v) be the third derivative of -3/4*v**4 + 8*v**2 + 0 + 0*v + 13/60*v**5 - 5/6*v**3 + 1/120*v**6. Is i(-14) a composite number?
True
Let m be 2/(-9) + (-4735)/(-45). Suppose 119 + m = -4*f. Is 3 + (f*2)/(-2) a composite number?
False
Suppose -3171*j = -3174*j + 27087. Is j composite?
False
Suppose -12*y + 12967 + 55037 = 0. Is y a prime number?
False
Suppose 3*k = -j + 172597, 25*k + 5*j = 27*k - 115076. Is k a prime number?
False
Let d(q) = -2*q**2 - 5*q + 3. Let l be d(-3). Suppose l = -7*c + 3*c. Suppose 4*o - 78 = -c*x - 2*x, 5*o + 4*x = 93. Is o composite?
True
Let n(d) = -575*d + 111. Is n(-16) prime?
True
Let p(z) = -z**2 - 3*z + 1. Let g be p(-1). Suppose -10 = -3*r + b, r + r + 5*b = 1. Suppose -r*l = a - 1014, 0*a - g = a. Is l a composite number?
True
Let h = 6203 + 46126. Is h prime?
False
Let y(s) = 4*s**3 - 13*s**2 - 13*s - 1. Let k be y(10). Suppose -u = -4*a + k, u - 15 = 4*u. Is a a composite number?
False
Let d(l) = l + 4. Suppose -9 = 2*h - 3. Let k be d(h). Let n(y) = 203*y**3 - y**2 + y - 1. Is n(k) prime?
False
Let f(o) = 37*o - 3. Let t = 14 + -12. Let z be f(t). Let q = z + 120. Is q a prime number?
True
Suppose 54192 = 13*f - 44803. Is f prime?
False
Let w = 6783 - 4051. Let d = w + -1863. Is d composite?
True
Suppose b - 1 = x, -5*x - 5 = -b + 5*b. Let d(c) be the first derivative of -146*c**2 + c + 8. Is d(x) a prime number?
True
Suppose -3*f - 2*f + 25 = 0, 0 = o + 3*f - 921. Suppose o = -2*p + 2630. Is p a prime number?
False
Let s be (251/(-3))/(4/6)*-6. Let n = s + 304. Is n a composite number?
True
Let a(b) = 156*b - 14. Let j be a(14). Suppose 0*o + o + 5*y = 446, 5*o - j = -5*y. Is o a composite number?
False
Suppose 0 = 2*k + 3*g - 14, 5*k + 5*g - 20 - 10 = 0. Suppose 6*p + 349 = 5*m + 5*p, p + k = 0. Suppose 3*f - m = 24. Is f prime?
True
Let m(p) = -p**3 + 16*p**2 - 20*p - 14. Let b(l) = l**3 - 15*l**2 + 19*l + 15. Let o(c) = 6*b(c) + 5*m(c). Is o(9) prime?
False
Let j = 94 - 100. Is (-212)/(-4)*(-66)/j composite?
True
Suppose 0 = 4*d - 473 - 1447. Suppose 2*f = -i - 3*f + d, -3*f + 2005 = 4*i. Is i a composite number?
True
Let b = 5 + 9. Suppose 2*f = 4*s + b, -s = -f - 2*f + 11. Suppose -f = -p + 80. Is p prime?
True
Suppose -3*b = 3*z, 8 = -b - b - 4*z. Suppose -694 = -6*r + b*r. Is r prime?
True
Let h be (-148)/(-10) - 5/(-25). Suppose h*i = 4*i + 3619. Is i a prime number?
False
Suppose 0 = 14*h - 568 + 106. Is h prime?
False
Let g(w) = w**2 + w - 2. Let q be g(-2). Suppose -z - 1 + 4 = q. Let a = z + 62. Is a a composite number?
True
Is ((-4486)/(-6))/(8/24)*1 composite?
False
Suppose -3*x - 167 = -f - 432, 4*f = 5*x - 1053. Let o = -932 + 459. Let t = f - o. Is t a composite number?
False
Is 2/(10/77165) + -2 + -4 prime?
True
Suppose 5*h - 1104 = -0*a + a, -1102 = -5*h + 3*a. Suppose 4*z + b + h - 874 = 0, -5*b - 321 = -2*z. Is z prime?
True
Suppose 0 = -0*c - 3*c + 3*j + 9, 6 = 3*j. Suppose -c*i - 949 = -z, 2*z + 2*i = z + 970. Is z/(-3)*9/(-6) composite?
True
Suppose 3*u + 2*u - 205 = 0. Suppose 37 = s - u. Suppose 3*j = 33 + s. Is j prime?
True
Suppose 4*i = 3*i. Let p be 22/10 - (-15)/(-75). Suppose i*q + 970 = p*q. Is q a composite number?
True
Let o(n) = 4238*n + 95. Is o(6) a prime number?
True
Let i = 40 - 35. Suppose -4*c + 4 = -4. Suppose 3*z - i*q = 2*z + 76, 2*q + 168 = c*z. Is z composite?
True
Let u(r) = 10*r**2 + 7*r + 3. Let y(p) = 9*p**2 + 7*p + 4. Let j(h) = 5*u(h) - 6*y(h). Let w be j(-6). Let t = -73 - w. Is t composite?
True
Let h be 1*(-3)/6*-2. Is -388*(h + 12/(-8)) composite?
True
Let a be (9/(-4))/(9/(-2544)). Suppose a - 165 = 2*c - l, -4*l = c - 213. Suppose -3*v = -958 - c. Is v a prime number?
True
Let y be 2/17 - 253/(-17). Let u = -16 + y. Let w(g) = -1248*g**3 - 2*g - 1. Is w(u) composite?
False
Let j = 5745 + -598. Is j a composite number?
False
Is -49*11242/(-8) - 1/4 a composite number?
True
Suppose 0 = -7*s + 5*s - 2570. Let o = -2174 - s. Let m = -492 - o. Is m a composite number?
False
Let o(w) = 133*w**3 + 2*w**2 - 4*w + 3. Let p be o(2). Suppose 2*h + 5*g - p = 0, -2*g - 1194 - 1517 = -5*h. Is h a prime number?
True
Suppose -11*t = -7*t + 84. Let o = 15 + t. Is o/(-2) + (-5 - -55) prime?
True
Suppose -3*s = 3*w - 422 - 2143, -3*s = 5*w - 4269. Suppose -3*b + 6*b + w = 0. Is -3 - -6 - b*1 prime?
False
Let i(g) = -2*g - 4*g - 1 + 81*g**2 + 0*g - 2. Let a be i(-2). Let b = a + 6. Is b composite?
True
Let n(y) = -1164*y**3 + 7. Let u(z) = 582*z**3 - 3. Let s(j) = -2*n(j) - 5*u(j). Is s(-1) a composite number?
True
Suppose 6*u - 17 = 3*f + 5*u, -3*u - 1 = 4*f. Is 3 + 2 + f - (-257 - -1) a composite number?
False
Let d(i) = 51*i**2 + 11*i - 1. Suppose -7*x - 20 = -3*x. Is d(x) prime?
False
Let j(v) = 2 + 2*v - 4 + 3 - 17*v**2. Let g be j(-3). Is (-7 - -6)/(2/g) a composite number?
False
Is 1/(783760/(-87085) + 9) prime?
True
Let a = -1534 + 2178. Suppose 2*t + 178 = a. Is t a composite number?
False
Let d(u) = -140*u + 15. Let a be d(11). Let c = a + 2139. Is c composite?
True
Let u(m) be the second derivative of m**4/12 - m**3/2 + 9*m**2 - 4*m. Let t be u(14). Is (24/16)/(2/t) prime?
False
Let b(i) = i**3 - 3*i**2 - 4*i. Let z be b(4). Suppose f - 4 = -0*f. Suppose z = -5*o + f*o + 407. Is o a composite number?
True
Suppose 0 = 5*i + 3*l - 3166, 15*i - l + 1902 = 18*i. Is i a prime number?
False
Suppose 0 = -92*g + 87*g + 20. Suppose g*x - 9141 = x. Is x a composite number?
True
Suppose 5*y + 2 = 2*l - 10, -4*y = 5*l + 36. Is 12/48 + (-835)/l prime?
False
Let i(h) = 7*h**2 + h + 6. Let o be i(10). Let y = 504 - o. Let u = y + 423. Is u a composite number?
False
Let m(r) = 544*r**2 - 7*r + 10. Is m(-3) a prime number?
False
Let z(a) = 317*a - 42. Let c be z(9). Let w = c + -1268. Is w a prime number?
True
Let u = -20 + 50. Suppose v - 5 = -3*i, -10 = -4*v - 4*i - u. Is ((-6)/(-9))/(v/(-3165)) composite?
False
Let t = -21219 + 39518. Is t a composite number?
True
Is 3/(-4) + (-1